. What is the units digit of v?
4
Let t = -479 - -902. What is the units digit of t?
3
Suppose 3*a - 5*i + 26 = 0, 2*i = -4*a - i - 83. Suppose 0*b = -4*b + 120. Let o = b + a. What is the units digit of o?
3
Suppose 14*x = 11*x + 30. Suppose -p = -67 - x. What is the units digit of p?
7
Let d = 443 - 434. Let l(h) = -8 + h**3 + 14*h - 10*h**2 - 2 - 2. What is the units digit of l(d)?
3
Let h(s) = 68*s**2 + s. Let p = 6 + -5. What is the tens digit of h(p)?
6
Let t = -1498 + 3193. What is the tens digit of t?
9
Let d(o) = o**3 + 7*o**2 + o + 10. Let b be d(-7). Let c be 1/(b - 226/76). Suppose 86 = 4*n - 3*p, -3*n = -n - 4*p - c. What is the tens digit of n?
2
Suppose 5*k = 133 + 82. Let p(x) = k*x**2 - 1 - 40*x**2 + 0*x + 12*x. What is the tens digit of p(3)?
6
Let k(b) = -b**3 - 5*b**2 - 5*b + 4. Let h = 21 + -17. Suppose 2*u + 4*g = -24, h*g = -3*u - 31 + 3. What is the units digit of k(u)?
8
Suppose -10 = 3*h - 2*p + 32, -5*h + 2*p - 74 = 0. Let s = h - -17. What is the tens digit of (-53)/((-4)/(s - -3))?
5
Let o(t) = 6*t**2 - 4*t + 26. What is the tens digit of o(-6)?
6
Suppose 0 = -2*w - 0*w + 4*t + 3848, t = 4*w - 7696. What is the hundreds digit of w?
9
Suppose 8*w - 6*w - 32 = 0. Suppose -h = -2*j + 7*j - w, 0 = -2*j - 2*h. Suppose 4*f + j*n = 128, 3*f + 2*f - 148 = n. What is the tens digit of f?
3
Suppose 0*m - 6 = 3*x + 4*m, -39 = 4*x - 5*m. Let d(l) = l**3 + 9*l**2 + 2*l + 4. What is the units digit of d(x)?
0
Let b be 6/14 + ((-9894)/(-14))/3. Let i = b + 24. What is the hundreds digit of i?
2
Let o be ((625/20)/(-5))/((-1)/24). Let y = -143 + o. What is the units digit of y?
7
Let t(i) = i**2 - 4*i - 79. What is the hundreds digit of t(-25)?
6
Let o(h) = 449*h - 97. What is the thousands digit of o(5)?
2
What is the tens digit of (-210)/(-40)*7248/18?
1
Let q(m) be the third derivative of -m**6/720 - m**5/40 + m**4/6 - 12*m**2. Let z(x) be the second derivative of q(x). What is the units digit of z(-6)?
3
What is the thousands digit of 84/462 - 136128/(-44)?
3
Suppose -14*z + 17233 = 5*z. What is the tens digit of z?
0
Let c be (-4)/(-14) + 12/7. Suppose -43 = -3*x - r, -2*x = -3*x + c*r + 5. What is the units digit of x?
3
Let y = -1848 + 7780. What is the hundreds digit of y?
9
Suppose 30*t = 4670 + 1480. What is the hundreds digit of t?
2
Let i = 8375 + -4965. What is the hundreds digit of i?
4
Let n = 3207 + 1500. What is the tens digit of n?
0
Suppose -5*k + 951 = -3*m, 2*k - 382 = -0*k + 2*m. Suppose 8*x - 5*x + k = 0. Let j = -33 - x. What is the units digit of j?
0
Let g = -18 + 19. Let t = 1 - g. What is the tens digit of -2 + (t + 102)/2?
4
Let a be (3 + -1)/(-1) + 5. Suppose -a*v + 7*v - 64 = 0. Let y = -8 + v. What is the units digit of y?
8
Suppose -3*p = 3, 3*p - 29 + 435 = y. What is the hundreds digit of y?
4
Let t be -1*(1 - 0)*3. Let p(c) = -14*c + 7*c - 3 + 6. What is the tens digit of p(t)?
2
Let r(t) = t**3 - 9*t**2 - 5*t - 25. Let o be r(11). Suppose -7*m - o = -10*m. What is the tens digit of m?
5
Let z(s) = -s**3 - 3*s**2 + 52*s + 1. What is the tens digit of z(-13)?
1
Suppose 3*t = -9, 3*x + t = 3*t + 6. Suppose 7*r - 4*r - 615 = x. What is the hundreds digit of r?
2
Let t be 7/(-35) - (29/5 + 1). What is the units digit of (14/t)/((-219)/(-222) + -1)?
8
Suppose -y - y - 18 = 2*l, -5*l = 5. Let r be (-393)/(-6) + (-4)/y. Suppose 0 = -3*a + 3*f + 189, -a + f = -f - r. What is the units digit of a?
0
Let x(b) = b**2 + 4*b + 61. What is the hundreds digit of x(15)?
3
Let l(g) be the first derivative of 11*g**3 - g**2/2 + 6*g - 13. What is the units digit of l(2)?
6
Let v(g) = -12*g + 68. What is the tens digit of v(-5)?
2
Let v(i) = -697*i - 418. What is the units digit of v(-5)?
7
Let i = -1020 + 520. Suppose 2*h + 12 + 16 = 0. What is the tens digit of i/(-14) + (-4)/h?
3
Let s be ((-1)/(-2) + -1)*4. What is the units digit of 822/14 + s/(-7)?
9
Suppose -4*b + 4*u + 104 = 0, -2*b - 14 = -u - 70. Suppose -62 = 5*r - 2*g, -3*r - 62 = -0*g + 5*g. Let v = r + b. What is the tens digit of v?
1
Let h(t) = t**3 - 8*t**2 + 4*t - 2. Let a be h(10). Let u = -97 + a. What is the units digit of u?
1
Let v = -72 - -94. Suppose -4*q + 5*j + 224 = 0, 3*q + j - 251 = -2*q. Let a = q - v. What is the units digit of a?
9
Let k(v) = -v**3 - 8*v**2 - 6*v + 9. Let x be k(-5). What is the hundreds digit of (x/(-45))/(4/970)?
1
Let x(i) = -i**3 + 9*i**2 - 5*i - 4. Let m(y) = y**3 - 6*y**2 + 5*y + 8. Let n be m(5). What is the tens digit of x(n)?
2
Let f be 14 - 18 - 0/(-1). Let b(a) = a**2 + 2*a - 2. What is the units digit of b(f)?
6
Let q = -416 - -1218. What is the hundreds digit of q?
8
Suppose -102*j = -105*j + 1344. What is the tens digit of j?
4
Let m(v) be the second derivative of -7*v**4/24 + 2*v**3/3 - 3*v**2/2 + 10*v. Let d(l) be the first derivative of m(l). What is the units digit of d(-6)?
6
Suppose -2*p = -f + 5 + 7, -3*f + 4*p + 28 = 0. Let g(j) = f*j - 2*j + 5 + j + 3*j. What is the units digit of g(5)?
5
Suppose 8*o - 1645 = 4139. What is the hundreds digit of o?
7
Suppose -128*u = -123*u - 1525. What is the hundreds digit of u?
3
Let m be 8394/(-4)*2/(-3). Suppose -m - 51 = -5*s. What is the units digit of (-2)/(-7) + s/14?
1
Let g(b) = 10*b**2 - 19*b - 92. What is the units digit of g(11)?
9
Let h(o) = 9 - 6 - 4 - o + 51*o**2. Let x be h(-1). Suppose x = 2*t - 37. What is the tens digit of t?
4
Let v(a) = -23*a - 8. Let h be v(-10). Suppose 0 = 11*g - h - 284. What is the units digit of g?
6
What is the hundreds digit of (226/(-45) + 10/45)*-150?
7
What is the units digit of (-1)/(2/10) + 544?
9
Suppose -4*m = -3*z, 5*z + 0*m - 5 = 5*m. Let b(d) = -2*d - d - 8*d - z + 0*d. What is the units digit of b(-2)?
8
Suppose 0 = -4*f + 7*f - 816. Suppose 5*x + 2*b - f = x, 4*x - 266 = b. What is the units digit of x?
7
Suppose 0 = p - 5*b - 588, -38*p + 2462 = -34*p + 2*b. What is the tens digit of p?
1
Suppose 5*n - 33 = 27. Let b(x) = 5*x + 15. What is the tens digit of b(n)?
7
Let y = 42 + -28. What is the tens digit of 171 - ((-12)/y - 2/14)?
7
Let s be -15*(-5)/(50/28). Let y = 45 - 36. Suppose -3*f = -y - s. What is the tens digit of f?
1
Let o = -4 + 8. Let m be (-6)/o*(0 + -2). Let b = m + 47. What is the units digit of b?
0
Suppose 2*f = -4*w + 2, 0*w + w - 5 = f. Suppose 30 = w*x + 3*x. What is the tens digit of (-4)/(-6) + 98/x?
1
What is the thousands digit of 6/3 - -2 - -1510?
1
Suppose 2*z + 14607 = -5*r, -234 = r - 4*z + 2683. What is the hundreds digit of 3/(-1) + 0 + r/(-23)?
1
What is the units digit of (-154)/1155 - 692/(-15)?
6
Let u(h) be the first derivative of -3*h**2/2 + 5*h + 1. Let x be u(5). Let c = x + 14. What is the units digit of c?
4
Let c = 10 + -10. Suppose s + h + 3 = -c*s, -3*s + 11 = -h. Suppose 0 = -s*b + 4*x + 48, 4*x - 47 = -4*b + 1. What is the tens digit of b?
1
Suppose 4*a = -a. Suppose -4*u + a*u + 2*d = -272, 3*u - 5*d - 204 = 0. Suppose 0*b + 2*i + 34 = b, -2*b - 2*i = -u. What is the tens digit of b?
3
Let v(c) = -8*c + 113. What is the tens digit of v(-38)?
1
Let u = -7 + 12. Suppose -2*o + 2*t = -o + u, 20 = 5*t. Suppose 0 = o*a - 3 - 9. What is the units digit of a?
4
Suppose 0 = 6*c + 286 - 2098. What is the hundreds digit of c?
3
What is the units digit of -4 - ((-14)/4)/((-15)/(-2010))?
5
Let a = -15 - -25. What is the units digit of (a/(-8))/(18/(-1296))?
0
Let f(r) = 4*r**2 - 5*r + 9. Let c be f(6). Suppose -2*o - 183 = -3*u + c, -2*o = -5*u + 510. What is the hundreds digit of u?
1
Let p(f) = -2*f**2 + 4*f - 2*f**2 + f**3 + 3 - 2*f**2. Let r be p(5). Let x = 10 + r. What is the units digit of x?
8
Let z(o) = -3 + 7 + 1 - 13*o. What is the tens digit of z(-3)?
4
Suppose 61*b + 1390 = 66*b. What is the hundreds digit of b?
2
Let c = 9 - 7. Suppose 14 = l - 2*h, -h = c*l + 2*h. What is the units digit of l?
6
Let p(d) = d**3 + 17*d**2 + 1. Let k be p(-17). Let g(w) = -k - 3*w - w - w - 5. What is the tens digit of g(-6)?
2
What is the tens digit of 288/(-96)*(0 + -13)*61?
7
Let j(v) = 12*v**2 - 11*v - 127. What is the units digit of j(-9)?
4
Let o(y) = 2 - 3 - y + 4 - 4. Let r be o(-4). What is the units digit of r/(-2)*48/(-9)?
8
Let v(a) = 2*a**2 - 36*a - 13. Let h(d) = d**2 - 18*d - 7. Let b(p) = -13*h(p) + 6*v(p). What is the units digit of b(11)?
0
Suppo